). Suppose -3*r - 425 = -o*r. Suppose -s = -0*s - 17. What is the highest common factor of s and r?
17
Let f be 1*(-15)/3 + (-20 - -50). Calculate the highest common factor of f and 50.
25
Suppose 34*a - 46*a = -240. Calculate the highest common factor of a and 340.
20
Suppose -28*l = -32*l + 5*g + 4292, 5*g + 2146 = 2*l. What is the greatest common divisor of l and 58?
29
Suppose v - 4*v + 4*a + 9 = 0, 0 = -a. Suppose -v*j - 33 = -108. Let z = j + -14. Calculate the greatest common factor of 22 and z.
11
Suppose 1209*g - 4410 = 1202*g. Calculate the highest common factor of g and 35.
35
Suppose 27*i - i - 286 = 0. Calculate the highest common factor of 11 and i.
11
Let q(c) = -c**3 + 23*c**2 - c + 52. Let g be q(20). What is the greatest common factor of 56 and g?
56
Let h be ((-27)/(-1) - -3) + 0. Suppose h + 89 = 7*t. Calculate the highest common divisor of t and 68.
17
Let j be -3 + 4 - (-1 - 106). Suppose j = -4*k + 468. Suppose -5*i - 10 = -3*i, i - 35 = -4*f. What is the greatest common divisor of f and k?
10
Suppose -8816 + 17 = -7*b. Suppose 7*c - b = -207. What is the greatest common divisor of c and 30?
30
Suppose f + 2*i = 12, -5*i + 9*i = 2*f - 64. Calculate the highest common factor of 550 and f.
22
Suppose -5*a = -4*p + 256, 5*a + 178 = 2*p + 50. Suppose 4*f = p - 20. What is the greatest common divisor of f and 88?
11
Suppose 2*w - g = -4, -3*w + 3 = -0*w + 3*g. Let a be w/(0 - 2/4). Let c = 56 + -42. Calculate the highest common divisor of c and a.
2
Let y(s) = s - 1. Let j be y(5). Suppose j*n = -11 + 71. Let m(l) = 6*l - 2. Let z be m(n). Calculate the greatest common divisor of z and 11.
11
Let k be 1452/42 + 6/14. Let j = 193 - 186. What is the highest common divisor of k and j?
7
Let p = -2 + 0. Let g(j) = j**3 - 16*j**2 + 37*j + 22. Let a be g(13). Let z be a - (p + 2 - 31). What is the highest common divisor of z and 18?
9
Let x = 43 - 40. Suppose 4*h + x*q = 8*q + 573, 585 = 4*h - q. Calculate the greatest common divisor of h and 21.
21
Let b = 66 + -28. Suppose -22 = -4*u + b. Let w = 42 - u. What is the greatest common divisor of w and 18?
9
Suppose 17 = r - 0*r - 2*h, 3*h + 15 = 0. Let s be (0 + 6)*(-42)/(-4). Suppose -2*y - s = -3*y. What is the greatest common factor of y and r?
7
Suppose 2*x + 33 - 5 = 0. Let y = x + 22. Let d be 22 - -6*(-4)/y. Calculate the greatest common divisor of d and 19.
19
Let g be 119*(-7)/((-245)/90). Calculate the highest common divisor of 68 and g.
34
Let p be 4/22 - (-869)/(-121). Let g(b) = -2*b - 5. Let l be g(p). Let c = 93 - 48. What is the greatest common factor of c and l?
9
Let g = 68 + -38. Calculate the highest common divisor of g and 40.
10
Let q = 219 - 117. What is the greatest common divisor of 34 and q?
34
Suppose 4*b + 3*w = b - 9, 3*b = 3*w - 3. Let a be (-5 + -96 - 7)*b/4. Calculate the greatest common factor of a and 18.
18
Let h(t) = -20*t + 127. Let u be h(-13). Calculate the highest common factor of 9 and u.
9
Let r(h) = -h**3 - h**2 + 7*h - 2. Let s be r(-5). Let t be 3 + 0/(3/((-9)/3)). Suppose -t*f - 5 = -26. Calculate the highest common divisor of s and f.
7
Suppose -3513 = 13*u - 3838. What is the greatest common divisor of 425 and u?
25
Let q be ((-63)/12)/(-7)*8. Let t(m) = m**3 - 7*m**2 + 6. Let d be t(q). Let s be 168/d*(-30)/4. What is the greatest common divisor of s and 28?
14
Suppose -3*v - o = -394, -5*v + 0*o = -5*o - 690. Calculate the highest common divisor of v and 76.
19
Let m(k) = -k**2 - 7*k - 8. Let n be m(-3). Suppose -n*c + 5*c = 16. What is the greatest common divisor of c and 80?
16
Let w be (-495)/(-25) - 1/(-5). Calculate the greatest common factor of w and 60.
20
Let b be 1/3*0/7. Suppose 2*u - y + 3 = -8, 3*u + 5*y - 16 = b. Let i(m) = -m**3 + 3*m - 4. Let l be i(u). What is the greatest common factor of l and 98?
14
Suppose y = 5*y - 40. Suppose y = 5*c - 30. Suppose 9*n - 8*n = -3*j + 171, 3*n - 289 = -5*j. Calculate the highest common factor of c and j.
8
Suppose -2*a - 5*b + 465 = 2*a, -3*a = -2*b - 343. Suppose 5*u - a = -0. What is the greatest common factor of u and 115?
23
Let m(b) = 2*b**2 - b - 6. Let g be m(3). Suppose g = 8*y - 47. Calculate the greatest common divisor of 49 and y.
7
Let z = 553 - 377. What is the highest common divisor of 242 and z?
22
Let b(y) = -11*y + 60. Let r(v) = -2*v + 1. Let m(p) = -b(p) + 2*r(p). Let j be m(12). Calculate the greatest common factor of j and 52.
26
Let l = -5 - -8. Suppose 0 = -l*v + 16 + 5. Let a(d) = -d + 49. Let g be a(35). What is the highest common divisor of g and v?
7
Suppose -r + 288 = -y, -20*r - 564 = -22*r + 5*y. Calculate the highest common factor of r and 365.
73
Suppose 5*o = -5*b - 155, 2*b - 6 - 170 = 5*o. Let i = o + 94. Let s be i/8*(5 + -3). What is the highest common divisor of s and 120?
15
Let o(h) = 5*h**2 - 10*h - 32. Let s be o(8). What is the highest common divisor of s and 13?
13
Let y(j) = j**3 + 5*j**2 - 4*j - 5. Let v be y(-5). Suppose -5*t + 15 = 2*u, 0*t - v = 5*t. What is the greatest common divisor of u and 15?
15
Suppose 69*x - 73*x = -1152. What is the greatest common factor of x and 1872?
144
Suppose -8*u + 4*u + 32 = 2*g, -g = -4*u + 2. Let i be 26 - g - (1 - 0). Let d(j) = j - 2. Let s be d(5). What is the greatest common factor of s and i?
3
Let v(q) = q**3 + 16*q**2 + 21*q + 1. Let w be v(-15). Let i = 167 + w. Calculate the greatest common divisor of 117 and i.
39
Suppose -70 = -4*b + 2*m, -31 = -b + 5*m - 0*m. Let a be (4 - -9 - 3)*-2*(-12)/20. Calculate the highest common factor of a and b.
4
Suppose 0 = 4*a - 52 - 0. Suppose v - 292 = -3*g, 0*g + 114 = g - 3*v. Let j be (26/(-6))/((-3)/g). What is the highest common factor of a and j?
13
Let b(v) = -v**3 - 8*v**2 - 8*v - 1. Let a be b(-4). Let p = -10 - a. What is the greatest common divisor of p and 207?
23
Suppose 3*h - 2*k - 86 = 79, -4*k - 118 = -2*h. Suppose 4*t - 11 - h = 0. Calculate the highest common divisor of 112 and t.
16
Let d(v) = -v**3 + 5*v**2 + v - 4. Let i be d(5). Let f(y) = 3*y. Let w be f(-1). Let l = w + 6. What is the greatest common factor of l and i?
1
Let b(f) = -6*f + 330. Suppose -2*u = u + 6*u. Let z be b(u). Let o(r) = 4*r**3 - 2*r**2 + 3*r. Let y be o(2). Calculate the highest common divisor of z and y.
30
Let l = -55 - -43. Let j be 2 + (9 - (-1 - -2)). Let v be 6*(l/3 + j). Calculate the highest common divisor of 12 and v.
12
Suppose 4*h - 20 = -n, 0*n - 3*n = 2*h - 10. Suppose w - 2*w + 77 = n. What is the highest common divisor of w and 7?
7
Suppose 6*p + 4 = -2. Let g be (-15)/p - 7/(28/8). Calculate the greatest common divisor of g and 117.
13
Let i = 24 + 77. Let a = 111 - i. What is the greatest common factor of a and 25?
5
Suppose 2236 = -7*r + 11*r. Let v = r - 397. What is the greatest common factor of 18 and v?
18
Suppose 6*q + 9 - 33 = 0. Suppose 0 = -q*c + c + 51. What is the greatest common factor of 85 and c?
17
Suppose 5*h + 3*u - 6*u - 883 = 0, 0 = -5*h + 4*u + 884. Let f = h - 95. Calculate the highest common factor of f and 9.
9
Let j = -194 + 370. What is the greatest common divisor of j and 968?
88
Suppose 4533 = 8*f - 339. Calculate the highest common factor of 87 and f.
87
Let n be (-5)/(-10) - 878/(-4). Let d be -1*2 + 6/(-1). Let j = 28 + d. What is the greatest common divisor of j and n?
20
Suppose -864 = -61*i + 55*i. Calculate the highest common divisor of 16 and i.
16
Suppose 7*x - 312 = 3*x. Let r = x + 26. Let g(z) = z**3 + z**2 - 4*z + 2. Let m be g(3). Calculate the highest common factor of m and r.
26
Let b(v) = 4*v + 10. Let a be b(35). Calculate the highest common factor of a and 350.
50
Suppose -34 + 4 = -6*z. Suppose 4*f + 4 = -4*k, -5*k + z = 3*f + 14. What is the greatest common factor of f and 4?
2
Let c = 97 - 93. What is the greatest common factor of c and 68?
4
Let i(y) = -15*y - 20. Let a be i(-6). Suppose -a = -5*v + 5*l + 65, -l - 2 = 0. Let m be 2/(-5) - (-1385)/v. Calculate the greatest common factor of m and 11.
11
Suppose -z = 3*z - 240. Suppose -120 = 7*p - 12*p. What is the highest common factor of p and z?
12
Let b(s) = 2760*s**3 + s**2 - 36*s + 35. Let y be b(1). Calculate the highest common divisor of 30 and y.
30
Suppose 3*z = 15, z + 73 = 2*w + 6*z. Calculate the greatest common divisor of 3